*a + 2*r - 39 = 6, 5*a + 5*r - 80 = 0. Does 3 divide a?
False
Let p(l) = -2*l**3 + l**2 - 5*l + 4. Let t be p(4). Let i = t - -245. Is 13 a factor of i?
True
Suppose 151*z - 152*z = -743. Is z a multiple of 47?
False
Let p = 242 + 318. Is p a multiple of 80?
True
Let s = -227 - -236. Is s a multiple of 3?
True
Let w = -1388 - -2892. Does 103 divide w?
False
Let f be 4 + 0 + -3 + 2. Suppose f*v - 10*a + 6*a = 78, -5*v - 2*a = -156. Is v a multiple of 10?
True
Let l(f) = f**2 + 2*f - 136. Let d be l(0). Let z = d + 149. Is 2 a factor of z?
False
Suppose 5*p - 320 = u, -3*p + 7*u = 2*u - 192. Suppose h - 40 + 31 = 0. Suppose -7*s = -h*s + p. Is s a multiple of 7?
False
Is 4 a factor of 180 - ((-1188)/(-306) + (-2)/(-17))?
True
Is 40 a factor of 4018*3/(-12)*-4?
False
Suppose 0 = 3*o - 7*o + 36. Let u = 3 + o. Is 2 a factor of u?
True
Let j(s) = 17*s - 3. Let b be j(6). Suppose -4*k + b = 11. Does 9 divide k?
False
Suppose 0 = 2*x + 16 + 26. Is 18 a factor of (49/x - (1 + -4))*57?
False
Suppose n + y - 102 - 21 = 0, -2*n + 4*y = -246. Is n a multiple of 32?
False
Let z = -8 + 44. Let i = 25 - z. Let p(m) = -m**2 - 15*m - 8. Does 6 divide p(i)?
True
Let u(q) = 32*q**2 - 6*q + 4. Is 6 a factor of u(-5)?
True
Let n(u) = -u + 1. Let d = -4 - -5. Let s(y) = -6*y - 3. Let x(m) = d*s(m) + 5*n(m). Is 16 a factor of x(-3)?
False
Let a(d) = 8*d**2 - 11*d - 14. Does 17 divide a(-12)?
False
Let j = -3 - -9. Suppose 2*z - 26 = -j. Does 5 divide z?
True
Suppose m + 4*v = -v + 102, 2*m - 228 = -2*v. Is (m/36)/((-1)/(-68)) a multiple of 15?
False
Let f(l) = -l**2 + 10*l + 9. Let m be 1*3 + -7 + 13. Suppose 0 = -u + m. Does 9 divide f(u)?
True
Let g(r) = -1 - 3*r**2 + r + 91*r**2 + 2 - 5*r**2. Suppose 0 = l - 2*l - 1. Is 19 a factor of g(l)?
False
Does 15 divide (1530/(-714))/(1/(-511))?
True
Let r(q) = -52*q + 1 + q + 1 + 10*q. Does 9 divide r(-1)?
False
Suppose -q + 126 = 5*l + q, 5*q + 62 = 2*l. Suppose -29*v + 81 + 6 = 0. Let s = l - v. Is s a multiple of 17?
False
Let l(b) = -11*b - 41. Let q(p) = -32*p - 124. Let v(k) = -17*l(k) + 6*q(k). Is v(-22) a multiple of 4?
False
Suppose -2*k + 1029 = -5*i, 2*k + 4*i - 838 - 182 = 0. Is k a multiple of 8?
True
Let y = -299 - -364. Does 6 divide y?
False
Suppose 0*u - 5*u - 2*o = -6552, -3*o - 3927 = -3*u. Is 13 a factor of u?
False
Let i(w) = 76*w**3 - w**2 + w - 1. Let s = 33 - 32. Does 25 divide i(s)?
True
Suppose -331 = 8*t - 4531. Does 7 divide t?
True
Let m(q) = 2*q**2 + 32*q + 90. Is 51 a factor of m(-31)?
True
Suppose 12 = -3*a - 3*g, g = a + 4*a + 26. Suppose 4*c + 764 + 467 = 5*t, -5*t = -15. Is 14 a factor of c/(-10) - (-2)/a?
False
Suppose 0 = 3*t + o + 3*o - 635, -5*t + 4*o = -1101. Is 31 a factor of t?
True
Suppose -14*l = -12*l - 742. Is l a multiple of 42?
False
Does 18 divide 798 - 1 - (-3 + 24/3)?
True
Suppose 3*p = 2*y - 3557, -25*y - 3*p = -28*y + 5334. Does 17 divide y?
False
Let p(d) = 43*d**2 + 4*d - 15. Is p(3) a multiple of 11?
False
Let y(v) = -5*v + 3. Suppose -f - f - 10 = 0. Let w be y(f). Is w/1 - 1/(-1) a multiple of 8?
False
Suppose -10*c + 1926 + 4384 = 0. Suppose -355 - 439 = -5*g - 2*b, 0 = 4*g + 3*b - c. Does 20 divide g?
True
Let x = -25 + 42. Is 0 + x + 3 + -6 a multiple of 9?
False
Let h be (-7346)/(-14) + (-18)/(-63). Suppose 3*p = -4*p + h. Does 32 divide p?
False
Let f be (-2)/4 - (-11)/(-2). Let o(c) be the first derivative of -3*c**2 + 13*c + 106. Is 13 a factor of o(f)?
False
Let w(s) = s**2 - 5*s - 3. Let y be w(5). Let v(u) = -24*u - 3. Let z be v(y). Is 18 a factor of z/(3 + (-9)/6)?
False
Let n(f) = -2*f + 10 + f - 4 + 5. Let a be n(7). Let u = a + 5. Is u a multiple of 6?
False
Let c(t) = 71*t**2 + 6*t + 3. Is 11 a factor of c(-2)?
True
Let m = -16 - -20. Suppose -4*k + 4*t = -24, -m*k + 12 = -t - 3. Suppose 0*h + 117 = k*z + 2*h, -5*z = 4*h - 197. Is z a multiple of 13?
False
Let q(c) = -c**3 - 15*c**2 - 12*c + 20. Let x be q(-14). Let m be (-36)/x*2/3. Suppose -m*f + 120 = -f. Is f a multiple of 26?
False
Suppose z - 1952 = -3*m - 2*m, -2*z + 1954 = 5*m. Does 39 divide m?
True
Let m(j) be the third derivative of 1/120*j**6 + 0 + 13/6*j**3 + 0*j + 5*j**2 - 7/24*j**4 - 1/6*j**5. Is 19 a factor of m(11)?
True
Let z = 43 + -41. Suppose -3*i - 207 = -z*w, -2*w = -4*i - 120 - 92. Is 24 a factor of w?
True
Let j(y) = -y - 1. Let l be j(-6). Suppose 0 = l*u - 300. Is 15 a factor of u?
True
Let x = -1079 - -1630. Is x a multiple of 23?
False
Let s = -13 - -20. Let l = s - 0. Does 12 divide (-30)/(-1)*(-6 + l)?
False
Let n(p) = -p + 21. Let a be n(18). Suppose 2 = -5*q + s + 117, -2*q = -5*s - 23. Suppose a*i = q + 9. Is i a multiple of 11?
True
Let p(s) = -5*s - 8. Let v be p(-11). Let z = 75 - v. Does 13 divide z?
False
Let y(b) = 2*b**2 + 4*b - 27. Let r be y(-6). Is (13 - r)/(3/((-3)/2)) a multiple of 4?
True
Let g(a) = 53*a - 38. Is g(14) a multiple of 11?
True
Let b = 80 + -76. Suppose 780 = 4*t - b*o, -o + 6*o - 735 = -4*t. Does 19 divide t?
True
Suppose -24*i + 66*i = 41034. Does 13 divide i?
False
Let a(x) = -x**2 + 5*x. Let v be a(5). Suppose 2*c - 60 - 40 = v. Suppose -c = -3*n - n - 5*u, -n + 25 = -5*u. Is n a multiple of 11?
False
Suppose 773 + 201 = 2*q. Does 47 divide q?
False
Let b(i) = 16*i - 14. Let l(y) = 16*y - 14. Let u(v) = 3*b(v) - 2*l(v). Let m be u(8). Suppose 234 = 4*r - m. Does 29 divide r?
True
Is (-3 + 0)/(21/(-266)) a multiple of 14?
False
Suppose -2295 = c + 3235. Is 36 a factor of (-4)/(-22) - c/77?
True
Suppose 0 = -8*c + 30 + 2. Is 4 a factor of c?
True
Let o = 2634 + -196. Does 23 divide o?
True
Let c(u) = -2*u - 1. Let w be c(5). Let v = 11 + w. Let z(r) = r**3 + 58. Is z(v) a multiple of 29?
True
Suppose 23*q = 18*q + 440. Suppose -4*j + 6 + 6 = 0. Suppose -j*z = -z - q. Does 22 divide z?
True
Let l be (1/3)/(1/2949). Suppose 5*s - 69 = 4*x + l, -4*x = 4*s - 856. Is 36 a factor of s?
False
Suppose 0 = t - 5*b - 32, 3*t + 3*b - 7*b - 52 = 0. Suppose 24 = t*f - 9*f. Suppose 4*n = f*n - 144. Is n a multiple of 9?
True
Suppose -5*z + 59 - 34 = 0, -3*b + 2032 = -4*z. Is 3 a factor of b?
True
Let f(v) = -9*v**3 + 8*v**2 + 22*v - 29. Does 109 divide f(-6)?
True
Let l be -3 + (-24)/4*-1. Let o(h) = 6*h**2 + 2 + 0 - h**2 - 3*h - h**2. Is 16 a factor of o(l)?
False
Does 25 divide ((-625)/3)/((-2)/12*2)?
True
Suppose 4533 = -2*j - 5*s, 0 = -3*j - 2*j + 3*s - 11317. Is (-6)/4 - j/16 a multiple of 33?
False
Let c be ((-17)/(-2))/((-1)/8). Let y(a) = -16*a**2 + 38*a + 110. Let d be y(-3). Let r = c - d. Is 24 a factor of r?
False
Let v(f) = -2*f - 8. Let u be v(-6). Let z = u - 0. Suppose z*w = 35 + 1. Is 9 a factor of w?
True
Does 5 divide (-16)/(-24)*-2*(-402)/8?
False
Let g = -57 + 62. Suppose -2*q - g*j + 76 = -3, 4*q + 5*j = 163. Is 15 a factor of q?
False
Suppose -3*t = z - 60, 5*z + 0*t - 284 = t. Let y = z + -23. Is 5 a factor of y?
False
Let r(q) = -7*q**3 + 26 - q**2 - 14 - 11 - 5*q**3. Does 17 divide r(-2)?
False
Suppose 5*m - o = -2*o + 10019, 3*m - 4*o = 5993. Suppose 21*p - 3562 = m. Does 25 divide p?
False
Let p = 1791 - 1239. Does 46 divide p?
True
Is (0 - 39)/((-4)/8) a multiple of 3?
True
Let h be ((3 - 6)*-2)/2. Suppose 5*s - 2*d = 47, 2*s + h*d = 2*d + 26. Suppose -5*a + 94 = -2*x, a - 11 = 2*x + s. Is a a multiple of 3?
True
Suppose 9 = 2*v + 3. Let y be (0 - v)*2/(-3). Suppose 2*i - y*p = 22, -i - p = -3*p - 9. Is i a multiple of 13?
True
Let u be 24/(-20)*1*-5. Suppose 270 = -i + u*i. Does 9 divide i?
True
Let p(f) = -139*f + f**3 - 3*f**2 - 2 - 4*f**3 + 5*f**3 + 128*f. Is p(6) a multiple of 18?
False
Let i = 455 + -293. Suppose -u + 6*u = -d + 46, -i = -3*d - 3*u. Is 22 a factor of d?
False
Suppose 0 = -44*i + 14842 + 124550. Is i a multiple of 88?
True
Suppose 0 = -111*a + 119*a - 640. Is 40 a factor of a?
True
Let q be (2 - (0 + -2))/2. Suppose q*h - 5*w - 155 = 0, 3*w = -3*h + 4*w + 213. Does 14 divide h - 2*(-3 + 2)?
False
Let k(q) = -15 + 6 - 24 + 8*q + q**2. Is 18 a factor of k(11)?
False
Let o(h) = -h**3 + 12*h**2 - 20*h + 5. Let t be o(10). Suppose 4*q + 2*z = 32, -2*q - 23 = -t*q - 2*z. Is q a multiple of 2?
False
Let u = -1749 + 1859. Is 20 a factor of u?
False
Suppose 4*u = 217 - 565. Let m = u + 195. Is m a multiple of 9?
True
Let l be 2/(-4)*-2 + 1. Let g be l*(-9)/(-6) - -66. Suppose -4*i + 19 = -g. Does 11 divi